{"id":7667,"date":"2017-04-06T13:21:24","date_gmt":"2017-04-06T13:21:24","guid":{"rendered":"https:\/\/cosbrasil.com.br\/website\/?page_id=7667"},"modified":"2017-05-12T21:25:36","modified_gmt":"2017-05-12T21:25:36","slug":"portfolio-cosmeticos","status":"publish","type":"page","link":"https:\/\/cosbrasil.com.br\/website\/portfolio-cosmeticos\/","title":{"rendered":"Portfolio de Cosm\u00e9ticos"},"content":{"rendered":"<div class=\"wpb-content-wrapper\"><p>[vc_row section_type=&#8221;in-container&#8221;][vc_column][vc_column_text]<\/p>\n<h1 style=\"text-align: center;\"><span style=\"color: #006042;\">Linha de Produtos Padronizados<\/span><\/h1>\n<h3 style=\"text-align: center;\"><span style=\"color: #808080;\">Escolha abaixo sua necessidade de produtos<\/span><\/h3>\n<p>[\/vc_column_text][vc_row_inner css=&#8221;.vc_custom_1474576314790{background-position: center !important;background-repeat: no-repeat !important;background-size: cover !important;}&#8221;][vc_column_inner width=&#8221;1\/4&#8243; css=&#8221;.vc_custom_1491497097928{padding-top: 5% !important;padding-right: 3% !important;padding-bottom: 5% !important;padding-left: 3% !important;background-position: center !important;background-repeat: no-repeat !important;background-size: cover !important;}&#8221;][\/vc_column_inner][vc_column_inner width=&#8221;1\/2&#8243;][vc_column_text]<\/p>\n<p style=\"text-align: center;\"><span style=\"color: #808080;\">Produtos que atendem a um \u00fanico padr\u00e3o de embalagem e cosm\u00e9tico, onde seu diferencial \u00e9 a identifica\u00e7\u00e3o de sua marca na embalagem, desta maneira atendemos com maior agilidade de entrega para menor quantidade por cores.<\/span><\/p>\n<p>[\/vc_column_text][\/vc_column_inner][vc_column_inner width=&#8221;1\/4&#8243;][\/vc_column_inner][\/vc_row_inner][\/vc_column][\/vc_row][vc_row][vc_column width=&#8221;1\/6&#8243;][\/vc_column][vc_column width=&#8221;2\/3&#8243;]\t\t\t<div class=\"eut-element eut-with-gap eut-portfolio eut-isotope\" style=\"\" data-gutter=\"yes\" data-spinner=\"no\" data-columns=\"3\" data-columns-tablet-landscape=\"3\" data-columns-tablet-portrait=\"3\" data-columns-mobile=\"2\" data-layout=\"fitRows\">\r\n\t\t\r\n\t\t\t<div class=\"eut-isotope-container\">\r\n\t\t\t\t\t\t\t<article id=\"portfolio-7710-6a08938ac9021\" class=\"eut-isotope-item eut-portfolio-item  post-7710 portfolio type-portfolio status-publish has-post-thumbnail hentry portfolio_category-cosmeticos\">\r\n\t\t\t\t\t\t\t\t\t\t\t\t\t\t\t\t\t\t<a class=\"\" href=\"https:\/\/cosbrasil.com.br\/website\/lapis_batom\/\" target=\"_self\">\r\n\t\t\t\t\t\t\t\t\t\t\t<figure class=\"eut-hover-style-1 eut-image-hover eut-zoom-none eut-light\">\r\n\r\n\t\t\t\t\t\t\t\t<div class=\"eut-media eut-light-overlay eut-opacity-90\">\r\n\t\t\t\t\t\t\t\t\t<img fetchpriority=\"high\" decoding=\"async\" width=\"400\" height=\"537\" src=\"https:\/\/cosbrasil.com.br\/website\/wp-content\/uploads\/2017\/04\/imagem-destaque2.jpg\" class=\"attachment-eut-image-small-rect-vertical size-eut-image-small-rect-vertical\" alt=\"\" srcset=\"https:\/\/cosbrasil.com.br\/website\/wp-content\/uploads\/2017\/04\/imagem-destaque2.jpg 400w, https:\/\/cosbrasil.com.br\/website\/wp-content\/uploads\/2017\/04\/imagem-destaque2-223x300.jpg 223w\" sizes=\"(max-width: 400px) 100vw, 400px\" \/>\t\t\t\t\t\t\t\t<\/div>\r\n\t\t\t\t\t\t\t\t<figcaption>\r\n\t\t\t\t\t\t\t\t\t\t\t\t\t\t\t\t\t\t\t\t\t\t\t\t\t\t\t<h5 class=\"eut-title eut-light\">L\u00e1pis Batom com FPS 08<\/h5>\r\n\t\t\t\t\t\t\t\t\t\t\t\t\t\t\t\t\t\t\t\t\t\t\t\t\t\t\t<span class=\"eut-caption eut-light\">Linha 12mm \/ 4,0g<\/span>\r\n\t\t\t\t\t\t\t\t\t\t\t\t\t\t\t\t\t\t\t\t\t\t\t\t\t\t\t<span class=\"eut-portfolio-btns\">Mais Informa\u00e7\u00f5es<\/span>\r\n\t\t\t\t\t\t\t\t\t\t\t\t\t\t\t\t\t<\/figcaption>\r\n\t\t\t\t\t\t\t<\/figure>\r\n\t\t\t\t\t\t\t<\/a>\t\t\t\t\t\t\r\n\t\t\t\t\t<\/article>\r\n\t\t\t\t\t<article id=\"portfolio-7711-6a08938ac93c2\" class=\"eut-isotope-item eut-portfolio-item  post-7711 portfolio type-portfolio status-publish has-post-thumbnail hentry portfolio_category-cosmeticos\">\r\n\t\t\t\t\t\t\t\t\t\t\t\t\t\t\t\t\t\t<a class=\"\" href=\"https:\/\/cosbrasil.com.br\/website\/lapis_sombra-iluminador\/\" target=\"_self\">\r\n\t\t\t\t\t\t\t\t\t\t\t<figure class=\"eut-hover-style-1 eut-image-hover eut-zoom-none eut-light\">\r\n\r\n\t\t\t\t\t\t\t\t<div class=\"eut-media eut-light-overlay eut-opacity-90\">\r\n\t\t\t\t\t\t\t\t\t<img decoding=\"async\" width=\"400\" height=\"537\" src=\"https:\/\/cosbrasil.com.br\/website\/wp-content\/uploads\/2017\/04\/imagem-destaque1-2.jpg\" class=\"attachment-eut-image-small-rect-vertical size-eut-image-small-rect-vertical\" alt=\"\" srcset=\"https:\/\/cosbrasil.com.br\/website\/wp-content\/uploads\/2017\/04\/imagem-destaque1-2.jpg 400w, https:\/\/cosbrasil.com.br\/website\/wp-content\/uploads\/2017\/04\/imagem-destaque1-2-223x300.jpg 223w\" sizes=\"(max-width: 400px) 100vw, 400px\" \/>\t\t\t\t\t\t\t\t<\/div>\r\n\t\t\t\t\t\t\t\t<figcaption>\r\n\t\t\t\t\t\t\t\t\t\t\t\t\t\t\t\t\t\t\t\t\t\t\t\t\t\t\t<h5 class=\"eut-title eut-light\">L\u00e1pis Sombra Iluminador<\/h5>\r\n\t\t\t\t\t\t\t\t\t\t\t\t\t\t\t\t\t\t\t\t\t\t\t\t\t\t\t<span class=\"eut-caption eut-light\">Linha 12mm \/ 4,0g<\/span>\r\n\t\t\t\t\t\t\t\t\t\t\t\t\t\t\t\t\t\t\t\t\t\t\t\t\t\t\t<span class=\"eut-portfolio-btns\">Mais Informa\u00e7\u00f5es<\/span>\r\n\t\t\t\t\t\t\t\t\t\t\t\t\t\t\t\t\t<\/figcaption>\r\n\t\t\t\t\t\t\t<\/figure>\r\n\t\t\t\t\t\t\t<\/a>\t\t\t\t\t\t\r\n\t\t\t\t\t<\/article>\r\n\t\t\t\t\t<article id=\"portfolio-7709-6a08938ac96ca\" class=\"eut-isotope-item eut-portfolio-item  post-7709 portfolio type-portfolio status-publish has-post-thumbnail hentry portfolio_category-cosmeticos\">\r\n\t\t\t\t\t\t\t\t\t\t\t\t\t\t\t\t\t\t<a class=\"\" href=\"https:\/\/cosbrasil.com.br\/website\/lapis_delineador_sobrancelhas\/\" target=\"_self\">\r\n\t\t\t\t\t\t\t\t\t\t\t<figure class=\"eut-hover-style-1 eut-image-hover eut-zoom-none eut-light\">\r\n\r\n\t\t\t\t\t\t\t\t<div class=\"eut-media eut-light-overlay eut-opacity-90\">\r\n\t\t\t\t\t\t\t\t\t<img decoding=\"async\" width=\"400\" height=\"537\" src=\"https:\/\/cosbrasil.com.br\/website\/wp-content\/uploads\/2017\/04\/imagem-destaque1.jpg\" class=\"attachment-eut-image-small-rect-vertical size-eut-image-small-rect-vertical\" alt=\"\" srcset=\"https:\/\/cosbrasil.com.br\/website\/wp-content\/uploads\/2017\/04\/imagem-destaque1.jpg 400w, https:\/\/cosbrasil.com.br\/website\/wp-content\/uploads\/2017\/04\/imagem-destaque1-223x300.jpg 223w\" sizes=\"(max-width: 400px) 100vw, 400px\" \/>\t\t\t\t\t\t\t\t<\/div>\r\n\t\t\t\t\t\t\t\t<figcaption>\r\n\t\t\t\t\t\t\t\t\t\t\t\t\t\t\t\t\t\t\t\t\t\t\t\t\t\t\t<h5 class=\"eut-title eut-light\">L\u00e1pis Delineador para Sobrancelhas<\/h5>\r\n\t\t\t\t\t\t\t\t\t\t\t\t\t\t\t\t\t\t\t\t\t\t\t\t\t\t\t<span class=\"eut-caption eut-light\">Linha 8mm \/ 1,80g<\/span>\r\n\t\t\t\t\t\t\t\t\t\t\t\t\t\t\t\t\t\t\t\t\t\t\t\t\t\t\t<span class=\"eut-portfolio-btns\">Mais Informa\u00e7\u00f5es<\/span>\r\n\t\t\t\t\t\t\t\t\t\t\t\t\t\t\t\t\t<\/figcaption>\r\n\t\t\t\t\t\t\t<\/figure>\r\n\t\t\t\t\t\t\t<\/a>\t\t\t\t\t\t\r\n\t\t\t\t\t<\/article>\r\n\t\t\t\t\t<article id=\"portfolio-7696-6a08938ac99d9\" class=\"eut-isotope-item eut-portfolio-item  post-7696 portfolio type-portfolio status-publish has-post-thumbnail hentry portfolio_category-cosmeticos\">\r\n\t\t\t\t\t\t\t\t\t\t\t\t\t\t\t\t\t\t<a class=\"\" href=\"https:\/\/cosbrasil.com.br\/website\/lapis_delineador_retratil_para_olhos\/\" target=\"_self\">\r\n\t\t\t\t\t\t\t\t\t\t\t<figure class=\"eut-hover-style-1 eut-image-hover eut-zoom-none eut-light\">\r\n\r\n\t\t\t\t\t\t\t\t<div class=\"eut-media eut-light-overlay eut-opacity-90\">\r\n\t\t\t\t\t\t\t\t\t<img loading=\"lazy\" decoding=\"async\" width=\"400\" height=\"537\" src=\"https:\/\/cosbrasil.com.br\/website\/wp-content\/uploads\/2017\/04\/destc-ret_olho.jpg\" class=\"attachment-eut-image-small-rect-vertical size-eut-image-small-rect-vertical\" alt=\"\" srcset=\"https:\/\/cosbrasil.com.br\/website\/wp-content\/uploads\/2017\/04\/destc-ret_olho.jpg 400w, https:\/\/cosbrasil.com.br\/website\/wp-content\/uploads\/2017\/04\/destc-ret_olho-223x300.jpg 223w\" sizes=\"(max-width: 400px) 100vw, 400px\" \/>\t\t\t\t\t\t\t\t<\/div>\r\n\t\t\t\t\t\t\t\t<figcaption>\r\n\t\t\t\t\t\t\t\t\t\t\t\t\t\t\t\t\t\t\t\t\t\t\t\t\t\t\t<h5 class=\"eut-title eut-light\">L\u00e1pis Delineador Retr\u00e1til para Olhos<\/h5>\r\n\t\t\t\t\t\t\t\t\t\t\t\t\t\t\t\t\t\t\t\t\t\t\t\t\t\t\t<span class=\"eut-caption eut-light\">Linha 8mm \/ 0,28g<\/span>\r\n\t\t\t\t\t\t\t\t\t\t\t\t\t\t\t\t\t\t\t\t\t\t\t\t\t\t\t<span class=\"eut-portfolio-btns\">Mais Informa\u00e7\u00f5es<\/span>\r\n\t\t\t\t\t\t\t\t\t\t\t\t\t\t\t\t\t<\/figcaption>\r\n\t\t\t\t\t\t\t<\/figure>\r\n\t\t\t\t\t\t\t<\/a>\t\t\t\t\t\t\r\n\t\t\t\t\t<\/article>\r\n\t\t\t\t\t<article id=\"portfolio-7705-6a08938ac9c39\" class=\"eut-isotope-item eut-portfolio-item  post-7705 portfolio type-portfolio status-publish has-post-thumbnail hentry portfolio_category-cosmeticos\">\r\n\t\t\t\t\t\t\t\t\t\t\t\t\t\t\t\t\t\t<a class=\"\" href=\"https:\/\/cosbrasil.com.br\/website\/lapis_delineador_olhos-2\/\" target=\"_self\">\r\n\t\t\t\t\t\t\t\t\t\t\t<figure class=\"eut-hover-style-1 eut-image-hover eut-zoom-none eut-light\">\r\n\r\n\t\t\t\t\t\t\t\t<div class=\"eut-media eut-light-overlay eut-opacity-90\">\r\n\t\t\t\t\t\t\t\t\t<img loading=\"lazy\" decoding=\"async\" width=\"400\" height=\"537\" src=\"https:\/\/cosbrasil.com.br\/website\/wp-content\/uploads\/2017\/04\/imagem-destaque1-1.jpg\" class=\"attachment-eut-image-small-rect-vertical size-eut-image-small-rect-vertical\" alt=\"\" srcset=\"https:\/\/cosbrasil.com.br\/website\/wp-content\/uploads\/2017\/04\/imagem-destaque1-1.jpg 400w, https:\/\/cosbrasil.com.br\/website\/wp-content\/uploads\/2017\/04\/imagem-destaque1-1-223x300.jpg 223w\" sizes=\"(max-width: 400px) 100vw, 400px\" \/>\t\t\t\t\t\t\t\t<\/div>\r\n\t\t\t\t\t\t\t\t<figcaption>\r\n\t\t\t\t\t\t\t\t\t\t\t\t\t\t\t\t\t\t\t\t\t\t\t\t\t\t\t<h5 class=\"eut-title eut-light\">L\u00e1pis Delineador para Olhos<\/h5>\r\n\t\t\t\t\t\t\t\t\t\t\t\t\t\t\t\t\t\t\t\t\t\t\t\t\t\t\t<span class=\"eut-caption eut-light\">Linha 8mm \/ 1,60g<\/span>\r\n\t\t\t\t\t\t\t\t\t\t\t\t\t\t\t\t\t\t\t\t\t\t\t\t\t\t\t<span class=\"eut-portfolio-btns\">Mais Informa\u00e7\u00f5es<\/span>\r\n\t\t\t\t\t\t\t\t\t\t\t\t\t\t\t\t\t<\/figcaption>\r\n\t\t\t\t\t\t\t<\/figure>\r\n\t\t\t\t\t\t\t<\/a>\t\t\t\t\t\t\r\n\t\t\t\t\t<\/article>\r\n\t\t\t\t\t<article id=\"portfolio-7703-6a08938ac9e9e\" class=\"eut-isotope-item eut-portfolio-item  post-7703 portfolio type-portfolio status-publish has-post-thumbnail hentry portfolio_category-cosmeticos\">\r\n\t\t\t\t\t\t\t\t\t\t\t\t\t\t\t\t\t\t<a class=\"\" href=\"https:\/\/cosbrasil.com.br\/website\/lapis_delineador_retratil_para_labios\/\" target=\"_self\">\r\n\t\t\t\t\t\t\t\t\t\t\t<figure class=\"eut-hover-style-1 eut-image-hover eut-zoom-none eut-light\">\r\n\r\n\t\t\t\t\t\t\t\t<div class=\"eut-media eut-light-overlay eut-opacity-90\">\r\n\t\t\t\t\t\t\t\t\t<img loading=\"lazy\" decoding=\"async\" width=\"400\" height=\"537\" src=\"https:\/\/cosbrasil.com.br\/website\/wp-content\/uploads\/2017\/04\/imagem-destaque-lb.jpg\" class=\"attachment-eut-image-small-rect-vertical size-eut-image-small-rect-vertical\" alt=\"\" srcset=\"https:\/\/cosbrasil.com.br\/website\/wp-content\/uploads\/2017\/04\/imagem-destaque-lb.jpg 400w, https:\/\/cosbrasil.com.br\/website\/wp-content\/uploads\/2017\/04\/imagem-destaque-lb-223x300.jpg 223w\" sizes=\"(max-width: 400px) 100vw, 400px\" \/>\t\t\t\t\t\t\t\t<\/div>\r\n\t\t\t\t\t\t\t\t<figcaption>\r\n\t\t\t\t\t\t\t\t\t\t\t\t\t\t\t\t\t\t\t\t\t\t\t\t\t\t\t<h5 class=\"eut-title eut-light\">L\u00e1pis Delineador Retr\u00e1til para L\u00e1bios<\/h5>\r\n\t\t\t\t\t\t\t\t\t\t\t\t\t\t\t\t\t\t\t\t\t\t\t\t\t\t\t<span class=\"eut-caption eut-light\">Linha 8mm \/ 0,28g<\/span>\r\n\t\t\t\t\t\t\t\t\t\t\t\t\t\t\t\t\t\t\t\t\t\t\t\t\t\t\t<span class=\"eut-portfolio-btns\">Mais Informa\u00e7\u00f5es<\/span>\r\n\t\t\t\t\t\t\t\t\t\t\t\t\t\t\t\t\t<\/figcaption>\r\n\t\t\t\t\t\t\t<\/figure>\r\n\t\t\t\t\t\t\t<\/a>\t\t\t\t\t\t\r\n\t\t\t\t\t<\/article>\r\n\t\t\t\t<\/div>\r\n\t\t\t<\/div>\r\n\r\n\t\t[vc_empty_space][\/vc_column][vc_column width=&#8221;1\/6&#8243;][\/vc_column][\/vc_row][vc_row section_type=&#8221;fullwidth-element&#8221;][vc_column css=&#8221;.vc_custom_1491498768494{background-color: #ededed !important;}&#8221;][vc_empty_space height=&#8221;62px&#8221;][vc_column_text]<\/p>\n<h1 style=\"text-align: center;\"><span style=\"color: #006042;\">Produtos\u00a0Customizados<\/span><\/h1>\n<h3 style=\"text-align: center;\"><\/h3>\n<p>[\/vc_column_text][vc_row_inner css=&#8221;.vc_custom_1474576314790{background-position: center !important;background-repeat: no-repeat !important;background-size: cover !important;}&#8221;][vc_column_inner width=&#8221;1\/6&#8243; css=&#8221;.vc_custom_1489430333112{padding-top: 5% !important;padding-right: 3% !important;padding-bottom: 5% !important;padding-left: 3% !important;background-color: #ededed !important;background-position: center !important;background-repeat: no-repeat !important;background-size: cover !important;}&#8221;][\/vc_column_inner][vc_column_inner width=&#8221;2\/3&#8243; css=&#8221;.vc_custom_1491498846018{background-color: #ededed !important;}&#8221;][vc_column_text]<\/p>\n<h3 style=\"text-align: center;\"><span style=\"color: #808080;\">Produtos a serem desenvolvidos de acordo com a necessidade espec\u00edfica de cada marca envolvendo desde o cosm\u00e9tico at\u00e9 a embalagem, desta maneira visando grandes volumes com prazo determinado para cada projeto.<\/span><\/h3>\n<p>[\/vc_column_text]<div class=\"eut-element eut-align-center eut-animated-item eut-fadeIn\" data-delay=\"200\"><a class=\"eut-btn eut-btn-large eut-square eut-bg-primary-2 eut-btn-line\" href=\"https:\/\/cosbrasil.com.br\/website\/customizados\/\" target=\"_self\" style=\"\"><span>MAIS INFORMA\u00c7\u00d5ES<\/span><\/a><\/div>[vc_empty_space][\/vc_column_inner][vc_column_inner width=&#8221;1\/6&#8243; css=&#8221;.vc_custom_1491498853265{background-color: #ededed !important;}&#8221;][\/vc_column_inner][\/vc_row_inner][\/vc_column][\/vc_row]<\/p>\n<\/div>","protected":false},"excerpt":{"rendered":"<p>[vc_row section_type=&#8221;in-container&#8221;][vc_column][vc_column_text] Linha de Produtos Padronizados Escolha abaixo sua necessidade de produtos [\/vc_column_text][vc_row_inner css=&#8221;.vc_custom_1474576314790{background-position: center !important;background-repeat: no-repeat !important;background-size: cover !important;}&#8221;][vc_column_inner width=&#8221;1\/4&#8243; css=&#8221;.vc_custom_1491497097928{padding-top: 5% !important;padding-right: 3% !important;padding-bottom: 5% !important;padding-left: 3% !important;background-position: center !important;background-repeat: no-repeat !important;background-size: cover !important;}&#8221;][\/vc_column_inner][vc_column_inner width=&#8221;1\/2&#8243;][vc_column_text] Produtos que atendem a um \u00fanico padr\u00e3o de embalagem e cosm\u00e9tico, onde seu diferencial \u00e9 a identifica\u00e7\u00e3o de [&hellip;]<\/p>\n","protected":false},"author":1,"featured_media":0,"parent":0,"menu_order":0,"comment_status":"closed","ping_status":"closed","template":"","meta":{"footnotes":""},"_links":{"self":[{"href":"https:\/\/cosbrasil.com.br\/website\/wp-json\/wp\/v2\/pages\/7667"}],"collection":[{"href":"https:\/\/cosbrasil.com.br\/website\/wp-json\/wp\/v2\/pages"}],"about":[{"href":"https:\/\/cosbrasil.com.br\/website\/wp-json\/wp\/v2\/types\/page"}],"author":[{"embeddable":true,"href":"https:\/\/cosbrasil.com.br\/website\/wp-json\/wp\/v2\/users\/1"}],"replies":[{"embeddable":true,"href":"https:\/\/cosbrasil.com.br\/website\/wp-json\/wp\/v2\/comments?post=7667"}],"version-history":[{"count":9,"href":"https:\/\/cosbrasil.com.br\/website\/wp-json\/wp\/v2\/pages\/7667\/revisions"}],"predecessor-version":[{"id":7767,"href":"https:\/\/cosbrasil.com.br\/website\/wp-json\/wp\/v2\/pages\/7667\/revisions\/7767"}],"wp:attachment":[{"href":"https:\/\/cosbrasil.com.br\/website\/wp-json\/wp\/v2\/media?parent=7667"}],"curies":[{"name":"wp","href":"https:\/\/api.w.org\/{rel}","templated":true}]}}