{"id":7620,"date":"2017-03-27T20:43:39","date_gmt":"2017-03-27T20:43:39","guid":{"rendered":"https:\/\/cosbrasil.com.br\/website\/?page_id=7620"},"modified":"2017-06-29T19:31:37","modified_gmt":"2017-06-29T19:31:37","slug":"lapis_delineador_retratil_para_labios","status":"publish","type":"page","link":"https:\/\/cosbrasil.com.br\/website\/lapis_delineador_retratil_para_labios\/","title":{"rendered":"L\u00e1pis Delineador Retr\u00e1til para L\u00e1bios \u2013 0,26g"},"content":{"rendered":"<div class=\"wpb-content-wrapper\"><p>[vc_row section_type=&#8221;fullwidth-element&#8221; flex_height=&#8221;yes&#8221; header_feature=&#8221;yes&#8221; padding_top=&#8221;0&#8243; padding_bottom=&#8221;0&#8243;][vc_column][vc_empty_space height=&#8221;80&#8243;][\/vc_column][\/vc_row][vc_row section_type=&#8221;in-container&#8221; flex_height=&#8221;yes&#8221; header_feature=&#8221;yes&#8221; padding_top=&#8221;0&#8243; padding_bottom=&#8221;0&#8243; margin_bottom=&#8221;0&#8243;][vc_column width=&#8221;1\/2&#8243;][vc_column_text animation=&#8221;fadeInDown&#8221;]<\/p>\n<h1 style=\"text-align: left;\"><span style=\"color: #006042;\">L\u00e1pis Delineador Retr\u00e1til para L\u00e1bios \u2013 0,26g<\/span><\/h1>\n<p>[\/vc_column_text][vc_column_text animation=&#8221;fadeInRight&#8221; animation_delay=&#8221;300&#8243;]<img fetchpriority=\"high\" decoding=\"async\" class=\"alignnone size-full wp-image-7665\" src=\"https:\/\/cosbrasil.com.br\/website\/wp-content\/uploads\/2017\/03\/lapis_retratil_026.jpg\" alt=\"\" width=\"665\" height=\"945\" srcset=\"https:\/\/cosbrasil.com.br\/website\/wp-content\/uploads\/2017\/03\/lapis_retratil_026.jpg 665w, https:\/\/cosbrasil.com.br\/website\/wp-content\/uploads\/2017\/03\/lapis_retratil_026-211x300.jpg 211w\" sizes=\"(max-width: 665px) 100vw, 665px\" \/><br \/>\n<span style=\"color: #999999;\"><em>*As imagens do site podem sofrer pequena altera\u00e7\u00e3o de cor dependendo do monitor e da resolu\u00e7\u00e3o em que elas est\u00e3o sendo visualizadas.<\/em><\/span>[\/vc_column_text][\/vc_column][vc_column width=&#8221;1\/2&#8243; css=&#8221;.vc_custom_1488458328263{padding-right: 8% !important;padding-left: 3% !important;}&#8221;][vc_empty_space height=&#8221;22px&#8221;][vc_column_text animation=&#8221;fadeInUp&#8221; animation_delay=&#8221;400&#8243;]<\/p>\n<h2 style=\"text-align: left;\"><span style=\"color: #999999;\">Especifica\u00e7\u00f5es do Produto<\/span><\/h2>\n<p>[\/vc_column_text]<div class=\"eut-element eut-hr \" style=\"\"><div class=\"eut-line-divider\"><\/div><\/div>[vc_column_text animation=&#8221;fadeInUp&#8221; animation_delay=&#8221;400&#8243;]<\/p>\n<h3 style=\"text-align: left;\"><span style=\"color: #333333;\">Quantidade por cor<\/span><\/h3>\n<p style=\"text-align: left;\">Quantidade m\u00ednima por cor: 1.000p\u00e7s<\/p>\n<p>[\/vc_column_text]<div class=\"eut-element eut-hr \" style=\"\"><div class=\"eut-line-divider\"><\/div><\/div>[vc_column_text animation=&#8221;fadeInUp&#8221; animation_delay=&#8221;400&#8243;]<\/p>\n<h3><span style=\"color: #333333;\">Tipo de Cor<\/span><\/h3>\n<p><img decoding=\"async\" class=\"alignnone size-full wp-image-7647\" src=\"https:\/\/cosbrasil.com.br\/website\/wp-content\/uploads\/2017\/03\/pele_rosada.png\" alt=\"\" width=\"15\" height=\"15\" \/>\u00a0 \u00a0 Pele Rosada &#8211;\u00a0PI01.01.0060<br \/>\n<img decoding=\"async\" class=\"alignnone size-full wp-image-7646\" src=\"https:\/\/cosbrasil.com.br\/website\/wp-content\/uploads\/2017\/03\/cor1.png\" alt=\"\" width=\"15\" height=\"15\" \/>\u00a0 \u00a0 Pele Morena &#8211;\u00a0PI01.01.0061[\/vc_column_text]<div class=\"eut-element eut-hr \" style=\"\"><div class=\"eut-line-divider\"><\/div><\/div>[vc_column_text animation=&#8221;fadeInUp&#8221; animation_delay=&#8221;400&#8243;]<\/p>\n<h3 style=\"text-align: left;\"><span style=\"color: #333333;\">Caracter\u00edstica do Produto<\/span><\/h3>\n<h3 style=\"text-align: left;\"><span style=\"color: #ffffff;\">\u00a0&#8212;&#8212;-<\/span><\/h3>\n<h5 style=\"text-align: left;\"><span style=\"color: #999999;\">Cor da embalagem<\/span><\/h5>\n<p><img decoding=\"async\" class=\"alignnone size-full wp-image-7647\" src=\"https:\/\/cosbrasil.com.br\/website\/wp-content\/uploads\/2017\/03\/pele_rosada.png\" alt=\"\" width=\"15\" height=\"15\" \/>\u00a0 \u00a0 Pele Rosada \u00a0 \u00a0 | \u00a0 \u00a0 <img decoding=\"async\" class=\"alignnone size-full wp-image-7646\" src=\"https:\/\/cosbrasil.com.br\/website\/wp-content\/uploads\/2017\/03\/cor1.png\" alt=\"\" width=\"15\" height=\"15\" \/>\u00a0 \u00a0 Pele Morena<\/p>\n<h5 style=\"text-align: left;\"><span style=\"color: #999999;\">Grava\u00e7\u00e3o de arte \/ hot stamping<\/span><\/h5>\n<p><img loading=\"lazy\" decoding=\"async\" class=\"alignnone size-full wp-image-7650\" src=\"https:\/\/cosbrasil.com.br\/website\/wp-content\/uploads\/2017\/03\/prata_fosco.png\" alt=\"\" width=\"15\" height=\"15\" \/>\u00a0 \u00a0Prata Fosco\u00a0 \u00a0 | \u00a0 \u00a0 <img loading=\"lazy\" decoding=\"async\" class=\"alignnone size-full wp-image-7737\" src=\"https:\/\/cosbrasil.com.br\/website\/wp-content\/uploads\/2017\/04\/outo.png\" alt=\"\" width=\"15\" height=\"15\" \/>\u00a0 Ouro\u00a0Brilhante\u00a0\u00a0 \u00a0| \u00a0 \u00a0\u00a0\u00a0 <img loading=\"lazy\" decoding=\"async\" class=\"alignnone size-full wp-image-7770\" src=\"https:\/\/cosbrasil.com.br\/website\/wp-content\/uploads\/2017\/04\/prata.png\" alt=\"\" width=\"15\" height=\"15\" \/> Prata Brilhante<\/p>\n<h5 style=\"text-align: left;\"><span style=\"color: #999999;\">Cor da tampa<\/span><\/h5>\n<p><img decoding=\"async\" class=\"alignnone size-full wp-image-7647\" src=\"https:\/\/cosbrasil.com.br\/website\/wp-content\/uploads\/2017\/03\/pele_rosada.png\" alt=\"\" width=\"15\" height=\"15\" \/>\u00a0 \u00a0 Pele Rosada \u00a0 \u00a0 | \u00a0 \u00a0 <img decoding=\"async\" class=\"alignnone size-full wp-image-7646\" src=\"https:\/\/cosbrasil.com.br\/website\/wp-content\/uploads\/2017\/03\/cor1.png\" alt=\"\" width=\"15\" height=\"15\" \/>\u00a0 \u00a0 Pele Morena<\/p>\n<p><span style=\"color: #808080;\"><strong>* Lacre termoencolh\u00edvel padr\u00e3o Cosbrasil<\/strong><\/span>[\/vc_column_text][\/vc_column][\/vc_row][vc_row][vc_column][vc_empty_space height=&#8221;62px&#8221;]<div class=\"eut-element eut-hr \" style=\"\"><div class=\"eut-line-divider\"><\/div><\/div>[vc_column_text animation=&#8221;fadeInUp&#8221; animation_delay=&#8221;400&#8243;]<\/p>\n<h2 style=\"text-align: center;\"><span style=\"color: #333333;\">Valores do Produto, Taxas e Fretes<\/span><\/h2>\n<p>[\/vc_column_text][vc_empty_space height=&#8221;62px&#8221;][vc_row_inner][vc_column_inner width=&#8221;1\/3&#8243;][vc_column_text animation=&#8221;fadeInUp&#8221; animation_delay=&#8221;400&#8243;]<\/p>\n<h3><span style=\"color: #999999;\">Valor Unit\u00e1rio por Produto<\/span><\/h3>\n<p><strong>Consulte Departamento Comercial<\/strong>[\/vc_column_text]<div class=\"eut-element eut-hr \" style=\"\"><div class=\"eut-line-divider\"><\/div><\/div>[\/vc_column_inner][vc_column_inner width=&#8221;1\/3&#8243;][vc_column_text animation=&#8221;fadeInUp&#8221; animation_delay=&#8221;400&#8243;]<\/p>\n<h3><span style=\"color: #999999;\">Taxa de Notifica\u00e7\u00e3o Anvisa<\/span><\/h3>\n<p><strong>R$ 90,00 \/ por linha \/ ap\u00f3s aprova\u00e7\u00e3o FPN<\/strong><\/p>\n<p><span style=\"color: #999999;\"><em>*Taxa este referente ao comunicado da exist\u00eancia do produto junto a Anvisa, onde se \u00e9 gerado um n\u00famero de processo que dever\u00e1 constar no produto acabado.<\/em><\/span>[\/vc_column_text][\/vc_column_inner][vc_column_inner width=&#8221;1\/3&#8243;][vc_column_text animation=&#8221;fadeInUp&#8221; animation_delay=&#8221;400&#8243;]<\/p>\n<h3><span style=\"color: #999999;\">Frete<\/span><\/h3>\n<p><strong>FOB<\/strong>[\/vc_column_text][vc_column_text animation=&#8221;fadeInUp&#8221; animation_delay=&#8221;400&#8243;]<\/p>\n<h3><span style=\"color: #999999;\">Custo de Log\u00edstica Reversa sem Frete<\/span><\/h3>\n<p><strong>R$ 1,20 \/ por kilo \/ \u00e0 vista<\/strong><br \/>\n<em>*Custo referente a descarte de produtos acabados na Cosbrasil<\/em>[\/vc_column_text][\/vc_column_inner][\/vc_row_inner][\/vc_column][\/vc_row][vc_row][vc_column][vc_empty_space height=&#8221;62px&#8221;]<div class=\"eut-element eut-hr \" style=\"\"><div class=\"eut-line-divider\"><\/div><\/div>[vc_column_text animation=&#8221;fadeInUp&#8221; animation_delay=&#8221;400&#8243;]<\/p>\n<h2 style=\"text-align: center;\"><span style=\"color: #333333;\">Termos e Condi\u00e7\u00f5es<\/span><\/h2>\n<p>[\/vc_column_text][vc_empty_space height=&#8221;62px&#8221;][vc_row_inner][vc_column_inner width=&#8221;1\/2&#8243;][vc_column_text animation=&#8221;fadeInUp&#8221; animation_delay=&#8221;400&#8243;]<strong>Decora\u00e7\u00e3o:<\/strong> Por conta da Cosbrasil<br \/>\n<strong>Clich\u00ea + Arte Final:<\/strong>\u00a0R$ 300,00 \/ por linha \/ ap\u00f3s aprova\u00e7\u00e3o FPN<br \/>\n*Pe\u00e7a utilizada para grava\u00e7\u00e3o de imagem na embalagem atrav\u00e9s de Hot Stamping mais a arte final. Custo para 1\u00aa compra.<br \/>\n<strong>Custo reposi\u00e7\u00e3o de clich\u00eas:<\/strong> R$ 200,00 \/ por linha \/ \u00c1 Vista<br \/>\n<em>* A vida \u00fatil de um clich\u00ea est\u00e1 caracterizada em sua durabilidade de uso, que engloba o setup de equipamento, troca de equipamento e o pr\u00f3prio uso. Para os produtos que fornecemos ficou estabelecido o uso m\u00e9dio de 1 uma reposi\u00e7\u00e3o de clich\u00ea para cada 15.000 embalagens utilizadas. Este controle ser\u00e1 informado rotineiramente. N\u00e3o ser cobrado do cliente danos causados por mau uso durante o processo produtivo e tamb\u00e9m caso ultrapasse o tempo de vida, ou seja, passando o tempo de vida do clich\u00ea, este estando apto a utilizar, s\u00f3 ser\u00e1 cobrado se realmente n\u00e3o tiver condi\u00e7\u00f5es de uso.<\/em>[\/vc_column_text][\/vc_column_inner][vc_column_inner width=&#8221;1\/2&#8243;][vc_column_text animation=&#8221;fadeInUp&#8221; animation_delay=&#8221;400&#8243;]<strong>Forma de Pagamento \/ Pedido Produto:\u00a0<\/strong>50% pedido com boleto e 50% com imposto incluso na entrega no boleto banc\u00e1rio.<br \/>\n<strong>Notifica\u00e7\u00e3o dos Produtos junto a ANVISA:<\/strong> Por conta do Cliente.<br \/>\n<strong>Registro de produtos junto a ANVISA:<\/strong> Por conta do Cliente.<br \/>\n<strong>Prazo de entrega:<\/strong> 20 dias \u00fateis, ap\u00f3s notifica\u00e7\u00e3o do produto.<br \/>\n<strong>Impostos:<\/strong> Cosbrasil \u00e9 optante pelo Simples Nacional<br \/>\n<strong>Quantidade: <\/strong>Por se tratar de um produto customizado a quantidade pode variar de 20% para mais, quanto 20% para menos;<br \/>\n<strong>Validade dos produtos<\/strong>: 36 meses, onde o cliente poder\u00e1 receber produtos com at\u00e9 12 meses j\u00e1 fabricados.<br \/>\n<strong>Validade Proposta Comercial<\/strong>: Para pedidos emitidos at\u00e9 30\/06\/2017.[\/vc_column_text][\/vc_column_inner][\/vc_row_inner][\/vc_column][\/vc_row][vc_row][vc_column]<div class=\"eut-element eut-align-center eut-animated-item eut-fadeIn\" data-delay=\"200\"><a class=\"eut-btn eut-btn-large eut-square eut-bg-primary-2 eut-btn-line\" href=\"https:\/\/cosbrasil.com.br\/website\/portfolio-cosmeticos\/\" target=\"_self\" style=\"\"><span>VOLTAR PARA LINHA DE PRODUTOS<\/span><\/a><\/div>[\/vc_column][\/vc_row]<\/p>\n<\/div>","protected":false},"excerpt":{"rendered":"<p>[vc_row section_type=&#8221;fullwidth-element&#8221; flex_height=&#8221;yes&#8221; header_feature=&#8221;yes&#8221; padding_top=&#8221;0&#8243; padding_bottom=&#8221;0&#8243;][vc_column][vc_empty_space height=&#8221;80&#8243;][\/vc_column][\/vc_row][vc_row section_type=&#8221;in-container&#8221; flex_height=&#8221;yes&#8221; header_feature=&#8221;yes&#8221; padding_top=&#8221;0&#8243; padding_bottom=&#8221;0&#8243; margin_bottom=&#8221;0&#8243;][vc_column width=&#8221;1\/2&#8243;][vc_column_text animation=&#8221;fadeInDown&#8221;] L\u00e1pis Delineador Retr\u00e1til para L\u00e1bios \u2013 0,26g [\/vc_column_text][vc_column_text animation=&#8221;fadeInRight&#8221; animation_delay=&#8221;300&#8243;] *As imagens do site podem sofrer pequena altera\u00e7\u00e3o de cor dependendo do monitor e da resolu\u00e7\u00e3o em que elas est\u00e3o sendo visualizadas.[\/vc_column_text][\/vc_column][vc_column width=&#8221;1\/2&#8243; css=&#8221;.vc_custom_1488458328263{padding-right: 8% !important;padding-left: 3% !important;}&#8221;][vc_empty_space height=&#8221;22px&#8221;][vc_column_text animation=&#8221;fadeInUp&#8221; [&hellip;]<\/p>\n","protected":false},"author":1,"featured_media":0,"parent":0,"menu_order":0,"comment_status":"closed","ping_status":"closed","template":"","meta":{"footnotes":""},"_links":{"self":[{"href":"https:\/\/cosbrasil.com.br\/website\/wp-json\/wp\/v2\/pages\/7620"}],"collection":[{"href":"https:\/\/cosbrasil.com.br\/website\/wp-json\/wp\/v2\/pages"}],"about":[{"href":"https:\/\/cosbrasil.com.br\/website\/wp-json\/wp\/v2\/types\/page"}],"author":[{"embeddable":true,"href":"https:\/\/cosbrasil.com.br\/website\/wp-json\/wp\/v2\/users\/1"}],"replies":[{"embeddable":true,"href":"https:\/\/cosbrasil.com.br\/website\/wp-json\/wp\/v2\/comments?post=7620"}],"version-history":[{"count":30,"href":"https:\/\/cosbrasil.com.br\/website\/wp-json\/wp\/v2\/pages\/7620\/revisions"}],"predecessor-version":[{"id":7822,"href":"https:\/\/cosbrasil.com.br\/website\/wp-json\/wp\/v2\/pages\/7620\/revisions\/7822"}],"wp:attachment":[{"href":"https:\/\/cosbrasil.com.br\/website\/wp-json\/wp\/v2\/media?parent=7620"}],"curies":[{"name":"wp","href":"https:\/\/api.w.org\/{rel}","templated":true}]}}